2 - 3. Suppose -5*i = -6*y + 5*y - 3, -4*y + 11 = 3*i. Suppose y*k = -0*k + 36. Suppose -x - 3*l = 3*x + k, 3*l = 4*x + 6. Determine r(x).
6
Let b = -2 - -4. Suppose 5*p = -f + 36, 0 = b*p + 4*f - 0*f. Suppose -3*q + 2*q - 2*d + 4 = 0, -5*q - 3*d = p. Let x(r) = 3*r + 3. What is x(q)?
-9
Let d(z) = -2*z. Let b(t) = t - 9. Let p be b(8). What is d(p)?
2
Suppose u + 2 = 7. Suppose -2*k = 3*r + 2 - 4, 0 = u*k + 4*r - 12. Let a(o) = o. Let s(d) = -1. Let x(g) = a(g) - 3*s(g). Give x(k).
7
Let r(f) = f**3 - f + 1. Let v(n) = 6*n**3 - 6*n**2 + 2. Let q(z) = 5*r(z) - v(z). Determine q(5).
3
Suppose 3*f + 2*k - 2 = 12, 2*f + 2*k - 12 = 0. Let l(p) be the second derivative of -1/20*p**5 - 1/2*p**f - 1/6*p**4 + 1/2*p**3 + 0 - p. Calculate l(-3).
-1
Let k = -12 + 18. Let y(w) = -4*w + 8 - 2*w - 5*w**2 + 0*w**3 - 4*w**3 + 5*w**3. Calculate y(k).
8
Let y(k) be the second derivative of 0 + 1/2*k**3 + 3/2*k**2 + 2*k. Let d = -5 - -3. Calculate y(d).
-3
Suppose 8*u = 4*u + 20. Let m(n) = -n + 2. Let p be m(-2). Let y(g) = -g**2 - 4*g**2 + 3*g + 4*g**2 - 7 + p*g. Determine y(u).
3
Let i = 5 + -11. Let j(v) = -v**3 - v**2 + 2*v + 12. Let f(x) = x**3 + 2*x**2 - x - 11. Let d(q) = 6*f(q) + 5*j(q). Determine d(i).
6
Let r be 6/(1 - -2) + 1. Let b(m) = -2*m + 0*m - r*m**3 + m. Determine b(1).
-4
Let c = 10 - 7. Suppose -c*m + 2*m = -9. Suppose 0*k = -3*k - m. Let t(l) = -l**2 + 4. What is t(k)?
-5
Let b = -20 + 16. Suppose -2*z + 3*r + 1 = -3*z, 3*z = 3*r + 9. Let p(f) = f**2 - f**3 + 2 - 5*f - 5 - 6*f**z. Calculate p(b).
1
Suppose 0 = -2*t - 2*c - 2, 0 = -0*t - t - 2*c - 4. Let k(p) = 11*p**2 - 26*p + 25. Let s(w) = 4*w**2 - 9*w + 9. Let z(v) = -3*k(v) + 8*s(v). What is z(t)?
5
Let b be (6/8)/(1/(-16)). Let f = b - -7. Let y(n) = 2*n - 3 - 2 - 4*n**2 + 3*n - n**3. Determine y(f).
-5
Let t(j) = -8 + 3*j + 5 - j - 2. What is t(6)?
7
Let i be (-80)/(-14) - (-12)/42. Let n(w) = -w**2 + 7*w. Calculate n(i).
6
Let l(t) = 2 - 4 - t + 0. Determine l(-1).
-1
Let i = 6 + -4. Let u(o) be the third derivative of o**5/30 - o**4/8 + o**3/2 - o**2. Give u(i).
5
Let t(z) = z - 1. Suppose 5*n = 9*n. Calculate t(n).
-1
Let p(q) = q - 1. Suppose -3*j = -2*y + j + 4, 55 = 5*y + 5*j. Suppose 0 = 4*z + 2*u - y, -5*u = 4*z - 4*u - 8. Suppose -z*x = -3 - 1. What is p(x)?
1
Suppose 0 = -a + 5*c - 1, -5*a + 22 = 2*c - 0*c. Let t(o) = o - 4. Calculate t(a).
0
Suppose -i - 5*k = 3, 0*k = 2*i + 3*k - 1. Let p(d) = -6*d + 3*d - 2*d**i + d. Suppose 0 = w - 0 + 2. Determine p(w).
-4
Let u be 10/(-35) - 69/(-21) - -2. Let d(x) be the second derivative of -2/3*x**3 + 1/2*x**2 - 5/12*x**4 - 1/20*x**u - 2*x + 0. Give d(-4).
1
Suppose 2*i = -5*y - 4, -5*y + y = -2*i + 14. Let d(w) be the third derivative of -5/6*w**3 + 0*w - i*w**2 + 1/60*w**5 + 0 - 1/8*w**4. Calculate d(5).
5
Suppose -4*r + 10 - 14 = 0. Let m(d) = -9*d**3 + 1. Calculate m(r).
10
Let r(k) be the third derivative of k**5/60 - k**4/6 + 5*k**3/6 - 9*k**2. What is r(4)?
5
Let j be ((-2 + 2)/(-4 + 6))/(-1). Suppose -z - 4*z = 0. Let m(y) = 0 + y**2 + y + z*y**2 + 2. Calculate m(j).
2
Let g(k) be the second derivative of -k**5/20 + 5*k**4/12 - 7*k**3/6 + 5*k**2/2 - 3*k. Suppose 0*w + 12 = 4*w - 2*f, -2 = -f. Give g(w).
-7
Let h(n) be the first derivative of -n**3/3 + 7*n**2/2 - 13. Calculate h(7).
0
Let h(c) be the second derivative of 0*c**2 + 1/6*c**3 + 0 - 2*c. Suppose -1 = -4*j - 5. Calculate h(j).
-1
Let c be (-46)/(-14) - 2/7. Let a = -3 + c. Let t(y) = -y**3 + y**2 + 2*y - 4. Let w(p) = 2*p**3 - 3*p**2 - 5*p + 8. Let o(u) = 5*t(u) + 2*w(u). Calculate o(a).
-4
Suppose 16 = 3*b - 7*b. Let r(v) = v**3 + 5*v**2 + 3*v - 2. What is r(b)?
2
Let o(y) = -y**2 + 4*y - 5. Let q(d) = d**2 - 4*d + 6. Let r(n) = 3*o(n) + 2*q(n). What is r(3)?
0
Let u(a) = a**3 + 2*a**2 + 1. Suppose 3 = -3*t - 3*g + 15, -t + 8 = 3*g. Suppose -t*y + 48 = 2*y. Suppose -w = -3*n + n - 4, y = -4*n. What is u(w)?
1
Let y = -42 + 45. Let h(f) = -4*f + 4. What is h(y)?
-8
Let q be 45/(-54)*(-2)/(-10)*-1. Let w(c) be the second derivative of -3*c + 1/12*c**4 + 0 + q*c**3 - 9/2*c**2. What is w(0)?
-9
Let m(x) = 20 - 14 + 3*x - x. Suppose 0 = -5*t - 0 - 20. Determine m(t).
-2
Let h(i) = -i**3 + 5*i**2 - 4*i + 1. Let a be h(4). Let s(r) = 13*r**3 + 2*r - 1. Calculate s(a).
14
Let l(m) = -m**3 - 11*m**2 + 12*m - 3. Let r be l(-12). Let i(z) = -2*z - 1. Let c be i(r). Let v(s) = s**2 - 4*s + 2. Give v(c).
7
Let m = 11 + -8. Let d be -6 + 4 + (-12)/m. Let k(x) = -x - 4. What is k(d)?
2
Let t(i) be the third derivative of 1/2*i**3 + 0*i + 0 + 1/120*i**6 + i**2 - 1/24*i**4 - 1/30*i**5. Calculate t(3).
9
Let y(u) = 2*u - 2*u - u. Suppose -b + 4 = 3*b. Determine y(b).
-1
Let v be ((-1)/1)/(3/(-9)). Let b(o) = 5*o - 2. Let y(z) = 6*z - 2. Suppose 4*r - 2*f = -4*f + 14, 0 = -4*r + 4*f + 20. Let x(u) = r*b(u) - 3*y(u). Give x(v).
4
Let h(o) = 0 - 1 - 5*o**2 - 6 + 4*o**3 - 3*o**3. Suppose 0*r + 5*r - 10 = 0, -5*y + r + 13 = 0. Suppose 0*g - f = y*g - 14, 4*g = -5*f + 15. Calculate h(g).
-7
Suppose 0 = -4*d - 12 - 16. Let p(b) = b**3 + 6*b**2 - 8*b - 1. Let x be p(d). Let a(r) = 2*r - 6. What is a(x)?
6
Let l(z) = z + 10. Let g(a) = a**2 - 4*a - 2. Let o be g(2). Give l(o).
4
Let b(d) = 20*d**2 - 18*d - 6. Let h(y) = -3*y**2 + 10*y + 6. Let g(z) = z**2 + z + 1. Let v(o) = 4*g(o) - h(o). Let q(c) = -6*b(c) + 17*v(c). Calculate q(5).
7
Suppose -4*g - 3*u + 14 = -0*u, -2*g + 10 = 3*u. Let p(z) be the first derivative of -1/3*z**3 + 5/2*z**g + 3 + 2*z. Determine p(5).
2
Let y(m) = m**3 + 5*m**2 - 5*m + 8. Let w be y(-6). Let r(z) = -z**2 + 19 + 2*z + 2*z - w - 11. Give r(6).
-6
Let v(d) = d**2 + 5. Let g = -8 - -8. Determine v(g).
5
Let x(m) = m**3 - m**2 + 1. Let c(k) = -3*k**3 + 5*k**2 + k + 3. Let h(s) = c(s) + 2*x(s). Determine h(4).
-7
Let c(a) = -a**3 - a + 3. Let i(m) be the third derivative of m**6/120 + m**3/6 + 4*m**2. Let x(o) = c(o) - 4*i(o). Let s = 1 - 2. Determine x(s).
5
Let o be 2/(-5) + 88/20. Suppose 0 = o*u - 4*x + 8, 5*u - 3*x + x = -13. Let t(a) be the first derivative of -a**4/4 - 5*a**3/3 - 2*a**2 + 1. What is t(u)?
-6
Let f(n) = -2*n**2 + 3 - 4*n + 0*n**2 + 0*n**2 + n**2. Determine f(-4).
3
Let d(y) = -14*y**2 + 35*y - 38. Let v(m) = 5*m**2 - 12*m + 13. Let r(s) = -4*d(s) - 11*v(s). Let l = -6 + 12. Determine r(l).
-3
Let u(i) = -5*i**2 + i - 7. Let d(b) = 2*b**2 - 5*b**2 + b - 3*b**2 - 8. Let x(g) = 3*g. Let c be x(2). Let j(a) = c*d(a) - 7*u(a). Give j(2).
-5
Suppose p - 3*c + 8 = -6, c = 4*p + 12. Let g(f) = f**3 + 5*f**2 + 2*f. What is g(p)?
8
Let s(m) be the first derivative of 3*m**3 + 2*m**2 - 7*m - 6. Let f(u) = -5*u**2 - 2*u + 4. Let d(a) = 11*f(a) + 6*s(a). Determine d(-2).
-6
Let n(o) = o**2 - 3*o + 1. Let q be n(2). Let u(g) = -10*g - 10 + 8*g + 11. Give u(q).
3
Let d(h) = h**3 + 4*h**2 + 3*h + 6. Let x(z) = -z**3 + 9*z**2 + 9*z + 13. Let t be x(10). Let j be -5 + t - (2 + 0). Calculate d(j).
-6
Let t(f) = -1 - 1 + 7 + f. Calculate t(0).
5
Let i(s) = -s**3 - 2*s**2 + 2*s + 3. Let g(j) = -j**2 - 4*j + 1. Let n be g(-3). Suppose 2*r + 4*u = -6, -4*r + 9 = -n*u + 5*u. Let m = -5 + r. What is i(m)?
-1
Let b(v) = -2*v - 15. Let x(m) = -m - 8. Let h(i) = 6*b(i) - 11*x(i). Determine h(-6).
4
Let q(w) = -w**2 + 8*w - 4. Let o(x) = -2*x - 33. Let i be o(-18). Determine q(i).
11
Let b(r) = r**3 + 2*r**2 + r + 1. Let x be b(-2). Let v(c) = -3*c**3 - 5*c**2 - 5*c - 4. Let l(g) = g**2 + g + 1. Let a(o) = -5*l(o) - v(o). Give a(x).
-4
Let b(x) = 2*x + 1. Let r = 10 + -9. Let u be r*((1 - 3) + 0). What is b(u)?
-3
Let b(c) = -c**2 - 6*c. Let l be b(-6). Let s(p) = 2*p + p + l*p. Give s(-2).
-6
Let c be (-4)/10 + 340/100. Let p(b) = -3*b**2 + 5*b - 4. Calculate p(c).
-16
Let d be (-7 + 7/(-7))*(-2)/4. Let i(k) = -2 + k**2 - k**3 + 4*k**2 + 1 - 5*k. Determine i(d).
-5
Let n(q) = q + 2. Let r be n(0). Let j(w) = -5*w**r + 1 - 3*w**3 - 3*w + 10*w**2 - 5 + 2*w**3. Determine j(4).
0
Suppose -3*o + 2 = -16. Suppose 11 = 3*k + b, 2 = -2*b - o. Let f(w) = -w**3 + 5*w**2 - 2*w + 2. Give f(k).
-8
Suppose 3*s = 3*x + 2*s + 12, 2*s = -3*x - 3. Let k(u) be the second derivative of u**5/20 + 5*u**4/12 + 2*u**3/3 - u**2/2 + 2*u. Calculate k(x).
5
Let p(t) = -t**2 + 11*t + 4. Let g be p(11). Let c = g - 4. Let u(z) = z**3 - z**2 - 4. Determine u(c).
-4
Let v(q) be the first deriva